{"id":1766,"date":"2025-06-01T10:21:15","date_gmt":"2025-06-01T08:21:15","guid":{"rendered":"https:\/\/vallentunajudo.se\/?page_id=1766"},"modified":"2026-02-02T12:28:11","modified_gmt":"2026-02-02T11:28:11","slug":"stor-och-liten","status":"publish","type":"page","link":"https:\/\/vallentunajudo.se\/?page_id=1766","title":{"rendered":"Stor &amp; Liten"},"content":{"rendered":"\n<p>I gruppen Stor&amp;Liten tr\u00e4nar ditt barn (ca 3-6 \u00e5r) tillsammans med dig. Den judoinspirerade tr\u00e4ningen best\u00e5r av mycket lek och r\u00f6relse. Vi introducerar \u00e4ven n\u00e5gra grundl\u00e4ggande judotekniker (fall, kast, fasth\u00e5llningar) samt \u00f6var p\u00e5 koordination, samarbete. \u00c4ven du som vuxen kommer att svettas!<\/p>\n\n\n\n<p>Pris: <\/p>\n\n\n\n<ul class=\"wp-block-list\">\n<li>200 kr \u00e5rsmedlemskap f\u00f6r varje tr\u00e4nande, b\u00e5de barn och vuxna<\/li>\n\n\n\n<li>200 kr tr\u00e4ningsavgift per tr\u00e4nande och termin, dock h\u00f6gst 400 kr per familj.<\/li>\n<\/ul>\n\n\n\n<p><a href=\"http:\/\/laget.se\/vallentunajudo\" data-type=\"link\" data-id=\"laget.se\/vallentunajudo\">Anm\u00e4l dig nu<\/a> till terminen eller kom och prova p\u00e5.<\/p>\n\n\n\n<p>Vi tr\u00e4nar l\u00f6rdagar kl 09:00-09:50 under skolterminen.<\/p>\n","protected":false},"excerpt":{"rendered":"<p>I gruppen Stor&amp;Liten tr\u00e4nar ditt barn (ca 3-6 \u00e5r) tillsammans med dig. Den judoinspirerade tr\u00e4ningen best\u00e5r av mycket lek och r\u00f6relse. Vi introducerar \u00e4ven n\u00e5gra grundl\u00e4ggande judotekniker (fall, kast, fasth\u00e5llningar) [&hellip;]<\/p>\n","protected":false},"author":1,"featured_media":1767,"parent":0,"menu_order":0,"comment_status":"closed","ping_status":"closed","template":"","meta":{"_genesis_hide_title":false,"_genesis_hide_breadcrumbs":false,"_genesis_hide_singular_image":false,"_genesis_hide_footer_widgets":false,"_genesis_custom_body_class":"","_genesis_custom_post_class":"","_genesis_layout":"","_mc_calendar":[],"footnotes":""},"class_list":["post-1766","page","type-page","status-publish","has-post-thumbnail","entry"],"featured_image_src":"https:\/\/vallentunajudo.se\/wp-content\/uploads\/2025\/06\/Judo_009-600x400.jpg","featured_image_src_square":"https:\/\/vallentunajudo.se\/wp-content\/uploads\/2025\/06\/Judo_009-600x600.jpg","_links":{"self":[{"href":"https:\/\/vallentunajudo.se\/index.php?rest_route=\/wp\/v2\/pages\/1766","targetHints":{"allow":["GET"]}}],"collection":[{"href":"https:\/\/vallentunajudo.se\/index.php?rest_route=\/wp\/v2\/pages"}],"about":[{"href":"https:\/\/vallentunajudo.se\/index.php?rest_route=\/wp\/v2\/types\/page"}],"author":[{"embeddable":true,"href":"https:\/\/vallentunajudo.se\/index.php?rest_route=\/wp\/v2\/users\/1"}],"replies":[{"embeddable":true,"href":"https:\/\/vallentunajudo.se\/index.php?rest_route=%2Fwp%2Fv2%2Fcomments&post=1766"}],"version-history":[{"count":4,"href":"https:\/\/vallentunajudo.se\/index.php?rest_route=\/wp\/v2\/pages\/1766\/revisions"}],"predecessor-version":[{"id":1988,"href":"https:\/\/vallentunajudo.se\/index.php?rest_route=\/wp\/v2\/pages\/1766\/revisions\/1988"}],"wp:featuredmedia":[{"embeddable":true,"href":"https:\/\/vallentunajudo.se\/index.php?rest_route=\/wp\/v2\/media\/1767"}],"wp:attachment":[{"href":"https:\/\/vallentunajudo.se\/index.php?rest_route=%2Fwp%2Fv2%2Fmedia&parent=1766"}],"curies":[{"name":"wp","href":"https:\/\/api.w.org\/{rel}","templated":true}]}}