{"id":1508,"date":"2024-02-26T08:37:03","date_gmt":"2024-02-26T07:37:03","guid":{"rendered":"https:\/\/vallentunajudo.se\/?page_id=1508"},"modified":"2024-03-28T13:41:47","modified_gmt":"2024-03-28T12:41:47","slug":"arsmoten-och-handlingar","status":"publish","type":"page","link":"https:\/\/vallentunajudo.se\/?page_id=1508","title":{"rendered":"\u00c5rsm\u00f6ten och handlingar"},"content":{"rendered":"\n<h2 class=\"wp-block-heading\"><a href=\"https:\/\/vallentunajudo.se\/?p=1497\">\u00c5rsm\u00f6te 2024<\/a><\/h2>\n\n\n\n<p>Den 13 mars 2024 kl 18:00 var alla medlemmar v\u00e4lkomna till \u00e5rets stora och viktiga \u00e5rsm\u00f6te vid Orkesta Bygdeg\u00e5rd. Centralt p\u00e5 dagordningen var val av f\u00f6reningens styrelse och verksamhetsplanering f\u00f6r det kommande \u00e5ret. Protokollet finns h\u00e4r nedanf\u00f6r, tillsammans med andra handlingar.<\/p>\n\n\n\n<h3 class=\"wp-block-heading\">Dagordning f\u00f6r Vallentuna Judoklubbs \u00e5rsm\u00f6te<\/h3>\n\n\n\n<p>1. M\u00f6tet \u00f6ppnas<br>2. Upprop<br>3. Val av m\u00f6tesledare<br> a) Ordf\u00f6rande f\u00f6r m\u00f6tet<br> b) Sekreterare f\u00f6r m\u00f6tet<br> c) Justerare f\u00f6r m\u00f6tet<br> d) R\u00f6str\u00e4knare<br>4. Inbjudan<br>5. Dagordning<br>6. Verksamhetsber\u00e4ttelse<br>7. Bokslut<br>8. Revisionsber\u00e4ttelse<br>9. Ansvarsfrihet<br>10. Medlemmarnas f\u00f6rslag<br>11. Styrelsens f\u00f6rslag<br>12. Medlemsavgift<br>13. Verksamhetsplan<br>14.Budget<br>15. Val av styrelse<br> a) F\u00f6reningens och styrelsens ordf\u00f6rande<br> b) \u00d6vriga ledam\u00f6ter<br>16. Val av revisor<br>17. Val av valberedning<br>18. \u00d6vriga fr\u00e5gor<br>19. M\u00f6tet avslutas<\/p>\n\n\n\n<h2 class=\"wp-block-heading\">Viktiga dokument<\/h2>\n\n\n\n<p><a href=\"https:\/\/vallentunajudo.se\/wp-content\/uploads\/2024\/03\/Arsmotesprotokoll-2024-Vallentuna-Judoklubbs-arsmote.pdf\" data-type=\"attachment\" data-id=\"1538\">Protokoll<\/a><br><a href=\"https:\/\/vallentunajudo.se\/wp-content\/uploads\/2024\/03\/Verksamhetsberattelse-Vallentuna-Judoklubb-2023.docx.pdf\">Verksamhetsber\u00e4ttelse<\/a><br><a href=\"https:\/\/vallentunajudo.se\/wp-content\/uploads\/2024\/03\/VJK-Bokslut-2023.docx.pdf\">Bokslut<\/a><br><a href=\"https:\/\/vallentunajudo.se\/wp-content\/uploads\/2024\/03\/Revision-VJK-2023.docx.pdf\">Revision<\/a><br><a href=\"https:\/\/vallentunajudo.se\/wp-content\/uploads\/2024\/03\/proposition-till-arsmote-2024.docx.pdf\">Proposition till \u00e5rsm\u00f6tet<\/a><br><a href=\"https:\/\/vallentunajudo.se\/wp-content\/uploads\/2024\/03\/Verksamhetsplan-2024-Vallentuna-Judoklubb.docx.pdf\">Verksamhetsplan<\/a><\/p>\n","protected":false},"excerpt":{"rendered":"<p>\u00c5rsm\u00f6te 2024 Den 13 mars 2024 kl 18:00 var alla medlemmar v\u00e4lkomna till \u00e5rets stora och viktiga \u00e5rsm\u00f6te vid Orkesta Bygdeg\u00e5rd. Centralt p\u00e5 dagordningen var val av f\u00f6reningens styrelse och [&hellip;]<\/p>\n","protected":false},"author":1,"featured_media":0,"parent":0,"menu_order":0,"comment_status":"closed","ping_status":"closed","template":"","meta":{"_genesis_hide_title":false,"_genesis_hide_breadcrumbs":false,"_genesis_hide_singular_image":false,"_genesis_hide_footer_widgets":false,"_genesis_custom_body_class":"","_genesis_custom_post_class":"","_genesis_layout":"","_mc_calendar":[],"footnotes":""},"class_list":["post-1508","page","type-page","status-publish","entry"],"featured_image_src":null,"featured_image_src_square":null,"_links":{"self":[{"href":"https:\/\/vallentunajudo.se\/index.php?rest_route=\/wp\/v2\/pages\/1508","targetHints":{"allow":["GET"]}}],"collection":[{"href":"https:\/\/vallentunajudo.se\/index.php?rest_route=\/wp\/v2\/pages"}],"about":[{"href":"https:\/\/vallentunajudo.se\/index.php?rest_route=\/wp\/v2\/types\/page"}],"author":[{"embeddable":true,"href":"https:\/\/vallentunajudo.se\/index.php?rest_route=\/wp\/v2\/users\/1"}],"replies":[{"embeddable":true,"href":"https:\/\/vallentunajudo.se\/index.php?rest_route=%2Fwp%2Fv2%2Fcomments&post=1508"}],"version-history":[{"count":8,"href":"https:\/\/vallentunajudo.se\/index.php?rest_route=\/wp\/v2\/pages\/1508\/revisions"}],"predecessor-version":[{"id":1544,"href":"https:\/\/vallentunajudo.se\/index.php?rest_route=\/wp\/v2\/pages\/1508\/revisions\/1544"}],"wp:attachment":[{"href":"https:\/\/vallentunajudo.se\/index.php?rest_route=%2Fwp%2Fv2%2Fmedia&parent=1508"}],"curies":[{"name":"wp","href":"https:\/\/api.w.org\/{rel}","templated":true}]}}