{"id":139,"date":"2022-06-02T08:48:47","date_gmt":"2022-06-02T06:48:47","guid":{"rendered":"https:\/\/www.granback.se\/homepage\/"},"modified":"2026-04-12T19:38:07","modified_gmt":"2026-04-12T17:38:07","slug":"startsida","status":"publish","type":"page","link":"https:\/\/vallentunajudo.se\/","title":{"rendered":"Hem"},"content":{"rendered":"\n<div class=\"wp-block-cover alignfull has-custom-content-position is-position-bottom-right\" style=\"min-height:100vh;aspect-ratio:unset;\"><img loading=\"lazy\" decoding=\"async\" width=\"1000\" height=\"664\" class=\"wp-block-cover__image-background wp-image-1915 size-full\" alt=\"\" src=\"https:\/\/vallentunajudo.se\/wp-content\/uploads\/2025\/10\/DSC4761_01_resize.jpg\" data-object-fit=\"cover\" srcset=\"https:\/\/vallentunajudo.se\/wp-content\/uploads\/2025\/10\/DSC4761_01_resize.jpg 1000w, https:\/\/vallentunajudo.se\/wp-content\/uploads\/2025\/10\/DSC4761_01_resize-300x199.jpg 300w, https:\/\/vallentunajudo.se\/wp-content\/uploads\/2025\/10\/DSC4761_01_resize-768x510.jpg 768w\" sizes=\"auto, (max-width: 1000px) 100vw, 1000px\" \/><span aria-hidden=\"true\" class=\"wp-block-cover__background has-background-dim-10 has-background-dim\" style=\"background-color:#aaa095\"><\/span><div class=\"wp-block-cover__inner-container is-layout-flow wp-block-cover-is-layout-flow\">\n<p><\/p>\n\n\n\n<p class=\"has-text-align-right\" style=\"font-size:42px\"><a href=\"https:\/\/vallentunajudo.se\/?page_id=141\" data-type=\"page\" data-id=\"141\">Tr\u00e4na judo med oss &#8211; bli medlem!<\/a><\/p>\n\n\n\n<p><\/p>\n\n\n\n<p class=\"has-text-align-right has-small-font-size\"><\/p>\n\n\n\n<p class=\"has-small-font-size\"><\/p>\n<\/div><\/div>\n\n\n\n<p>\u201cIt is not important to be better than someone else, but to be better than yesterday.\u201d <em>Kano Jigoro<\/em><\/p>\n\n\n\n<p class=\"has-text-align-left\"><\/p>\n\n\n\n<h2 class=\"wp-block-heading\"><\/h2>\n\n\n\n<div class=\"wp-block-columns is-layout-flex wp-container-core-columns-is-layout-9d6595d7 wp-block-columns-is-layout-flex\">\n<div class=\"wp-block-column is-layout-flow wp-block-column-is-layout-flow\"><\/div>\n<\/div>\n\n\n\n<figure class=\"wp-block-image size-large\"><img loading=\"lazy\" decoding=\"async\" width=\"813\" height=\"1024\" src=\"https:\/\/vallentunajudo.se\/wp-content\/uploads\/2026\/03\/traningsschema_utan_fredag-813x1024.png\" alt=\"\" class=\"wp-image-2012\" srcset=\"https:\/\/vallentunajudo.se\/wp-content\/uploads\/2026\/03\/traningsschema_utan_fredag-813x1024.png 813w, https:\/\/vallentunajudo.se\/wp-content\/uploads\/2026\/03\/traningsschema_utan_fredag-238x300.png 238w, https:\/\/vallentunajudo.se\/wp-content\/uploads\/2026\/03\/traningsschema_utan_fredag-768x967.png 768w, https:\/\/vallentunajudo.se\/wp-content\/uploads\/2026\/03\/traningsschema_utan_fredag-1220x1536.png 1220w, https:\/\/vallentunajudo.se\/wp-content\/uploads\/2026\/03\/traningsschema_utan_fredag.png 1448w\" sizes=\"auto, (max-width: 813px) 100vw, 813px\" \/><\/figure>\n\n\n\n<div class=\"wp-block-buttons is-layout-flex wp-block-buttons-is-layout-flex\">\n<div class=\"wp-block-button\"><a class=\"wp-block-button__link wp-element-button\" href=\"https:\/\/vallentunajudo.se\/?page_id=1772\">Barn\/Ungdom<\/a><\/div>\n\n\n\n<div class=\"wp-block-button\"><a class=\"wp-block-button__link wp-element-button\" href=\"https:\/\/vallentunajudo.se\/?page_id=1766\">Stor och liten<\/a><\/div>\n\n\n\n<div class=\"wp-block-button\"><a class=\"wp-block-button__link wp-element-button\" href=\"https:\/\/vallentunajudo.se\/?page_id=308\">Parajudo<\/a><\/div>\n\n\n\n<div class=\"wp-block-button\"><a class=\"wp-block-button__link wp-element-button\" href=\"https:\/\/vallentunajudo.se\/?page_id=343\">Judo4balance<\/a><\/div>\n<\/div>\n\n\n\n<p class=\"has-text-align-center\"><\/p>\n\n\n\n<div style=\"background-color:#faf1df\" class=\"wp-block-genesis-blocks-gb-container gb-block-container\"><div class=\"gb-container-inside\"><div class=\"gb-container-content\">\n<p>Undrar du vilken kurs \/ grupp som passar b\u00e4st f\u00f6r dig eller ditt barn? <a href=\"mailto:info@vallentunajudo.se\">Kontakta oss<\/a>!<\/p>\n\n\n\n<p>Alla v\u00e5ra medlemmar \u00e4r f\u00f6rs\u00e4krade genom medlemskapet i Svenska Judof\u00f6rbundet.<\/p>\n<\/div><\/div><\/div>\n\n\n\n<div class=\"wp-block-genesis-blocks-gb-columns gb-layout-contact-1 gb-layout-columns-2 gb-2-col-wideright gb-columns-center alignfull\" style=\"padding-right:8%;padding-bottom:2%;padding-left:8%\"><div class=\"gb-layout-column-wrap gb-block-layout-column-gap-2 gb-is-responsive-column\" style=\"max-width:1200px\">\n<div class=\"wp-block-genesis-blocks-gb-column theme-corners is-style-column-corners gb-block-layout-column gb-is-vertically-aligned-center\"><div class=\"gb-block-layout-column-inner gb-has-custom-background-color\" style=\"padding:40px;background-color:#ffffff\">\n<div class=\"wp-block-genesis-blocks-gb-container gb-block-container\"><div class=\"gb-container-inside\"><div class=\"gb-container-content\" style=\"max-width:1600px\">\n<p><strong>H\u00e4r tr\u00e4nar vi<\/strong><\/p>\n\n\n\n<p>Vallentuna Judo dojo<br>Blekingev\u00e4gen 1<br>186 45 Vallentuna<\/p>\n\n\n\n<p><\/p>\n<\/div><\/div><\/div>\n<\/div><\/div>\n\n\n\n<div class=\"wp-block-genesis-blocks-gb-column theme-corners is-style-column-corners gb-block-layout-column gb-is-vertically-aligned-center\"><div class=\"gb-block-layout-column-inner\">\n<iframe src=\"https:\/\/www.google.com\/maps\/embed?pb=!1m14!1m8!1m3!1d525.3562081853506!2d18.089397!3d59.54269!3m2!1i1024!2i768!4f13.1!3m3!1m2!1s0x465f97903afbd501%3A0x14bc1d87b99551d2!2sVallentuna%20Judo!5e1!3m2!1ssv!2sus!4v1767135579869!5m2!1ssv!2sus\" width=\"600\" height=\"450\" style=\"border:0;\" allowfullscreen=\"\" loading=\"lazy\" referrerpolicy=\"no-referrer-when-downgrade\"><\/iframe>\n<\/div><\/div>\n<\/div><\/div>\n\n\n\n<div class=\"wp-block-genesis-blocks-gb-container gb-block-container\"><div class=\"gb-container-inside\"><div class=\"gb-container-content\">\n<h2 class=\"wp-block-heading\">L\u00e4s mer om judo<\/h2>\n\n\n\n<p>Judo \u00e4r mer \u00e4n en sport, du blir fysiskt stark och f\u00e5r ta del av en stark v\u00e4rdegrund f\u00f6r den v\u00e4xande m\u00e4nniskan.<\/p>\n\n\n\n<div class=\"wp-block-buttons is-content-justification-right is-layout-flex wp-container-core-buttons-is-layout-765c4724 wp-block-buttons-is-layout-flex\">\n<div class=\"wp-block-button is-style-button-line\"><a class=\"wp-block-button__link has-background wp-element-button\" href=\"https:\/\/vallentunajudo.se\/?page_id=232\" style=\"background-color:#d1260c\">L\u00e4s mer h\u00e4r<\/a><\/div>\n<\/div>\n<\/div><\/div><\/div>\n\n\n\n<p><\/p>\n","protected":false},"excerpt":{"rendered":"<p>\u201cIt is not important to be better than someone else, but to be better than yesterday.\u201d Kano Jigoro<\/p>\n","protected":false},"author":1,"featured_media":1710,"parent":0,"menu_order":0,"comment_status":"closed","ping_status":"closed","template":"templates\/blocks.php","meta":{"_genesis_hide_title":true,"_genesis_hide_breadcrumbs":true,"_genesis_hide_singular_image":true,"_genesis_hide_footer_widgets":false,"_genesis_custom_body_class":"","_genesis_custom_post_class":"","_genesis_layout":"full-width-content","_mc_calendar":[],"footnotes":""},"class_list":["post-139","page","type-page","status-publish","has-post-thumbnail","entry"],"featured_image_src":"https:\/\/vallentunajudo.se\/wp-content\/uploads\/2025\/01\/Judo_043-600x400.jpg","featured_image_src_square":"https:\/\/vallentunajudo.se\/wp-content\/uploads\/2025\/01\/Judo_043-600x600.jpg","_links":{"self":[{"href":"https:\/\/vallentunajudo.se\/index.php?rest_route=\/wp\/v2\/pages\/139","targetHints":{"allow":["GET"]}}],"collection":[{"href":"https:\/\/vallentunajudo.se\/index.php?rest_route=\/wp\/v2\/pages"}],"about":[{"href":"https:\/\/vallentunajudo.se\/index.php?rest_route=\/wp\/v2\/types\/page"}],"author":[{"embeddable":true,"href":"https:\/\/vallentunajudo.se\/index.php?rest_route=\/wp\/v2\/users\/1"}],"replies":[{"embeddable":true,"href":"https:\/\/vallentunajudo.se\/index.php?rest_route=%2Fwp%2Fv2%2Fcomments&post=139"}],"version-history":[{"count":122,"href":"https:\/\/vallentunajudo.se\/index.php?rest_route=\/wp\/v2\/pages\/139\/revisions"}],"predecessor-version":[{"id":2040,"href":"https:\/\/vallentunajudo.se\/index.php?rest_route=\/wp\/v2\/pages\/139\/revisions\/2040"}],"wp:featuredmedia":[{"embeddable":true,"href":"https:\/\/vallentunajudo.se\/index.php?rest_route=\/wp\/v2\/media\/1710"}],"wp:attachment":[{"href":"https:\/\/vallentunajudo.se\/index.php?rest_route=%2Fwp%2Fv2%2Fmedia&parent=139"}],"curies":[{"name":"wp","href":"https:\/\/api.w.org\/{rel}","templated":true}]}}